+ 881306)/25?
101, 349
Suppose -3*q = -4*b + 28228, 19*b - q = 21*b - 14114. What are the prime factors of b?
7057
Suppose -17773 - 38987 = -3*m. Suppose 251*j - 261*j = -m. List the prime factors of j.
2, 11, 43
Suppose -139895 = -5*t - 5*a, -4*a = 20*t - 15*t - 139893. What are the prime factors of t?
101, 277
Let x = 242 - -405. Let m = x - -328. What are the prime factors of m?
3, 5, 13
Let y(n) = -229*n**3 - 2*n**2 + 3*n - 3. Let v be y(2). What are the prime factors of 1/(10/(-4)) + v/(-5)?
367
Suppose -35266 = -8*r + 5*q, -8824 = -2*r + 8*q - 3*q. List the prime factors of r.
3, 13, 113
Let o = -41 - -92. Suppose 21 = -6*w + o. Suppose -149 = w*q - 1014. List the prime factors of q.
173
Let d = -63 + -5. Suppose -12 = -2*f - 2*j, 171*j - 173*j = -6. What are the prime factors of (9/f)/(-2 + (-139)/d)?
2, 17
Let j(w) = -434*w**3 - w**2 + 114*w + 354. What are the prime factors of j(-3)?
3, 3907
Let q(m) = 2*m**3 - 5*m**2 + 45*m - 237. List the prime factors of q(15).
3, 43, 47
Suppose -11*c = -7*c + 40. List the prime factors of (-1)/(2/c) - (-522 + 3).
2, 131
Suppose -2*p = 22*p + 17*p - 1403102. List the prime factors of p.
2, 71, 241
Let o be ((-16)/10)/(4/(-60)). Let a be ((-11)/(-1))/(8/o). Suppose -a + 519 = 9*q. List the prime factors of q.
2, 3
What are the prime factors of (5736/14)/(5817/(-833)*1 - -7)?
2, 3, 17, 239
Suppose -5*r - 35*s + 585 = -39*s, -364 = -3*r + 5*s. List the prime factors of r.
113
Suppose -3*s + 10 = 2*b, -s - 5 = -3*s - b. Suppose 3*l - 5*x - 4047 = 0, 4*l + 4*x = -s*l + 5364. List the prime factors of l.
2, 3, 7
Let n = -44284 + 75812. What are the prime factors of n?
2, 7, 563
Let a be -5 + 2 + 1 - -376. Let g = -73 + 78. Suppose u = -3*x - u + a, -g = u. What are the prime factors of x?
2
Suppose -44 = -h - 10*h. Suppose -l + h - 2 = 0. Suppose -2*f - 2 = l, 4*s - 3*f = 602. List the prime factors of s.
149
Suppose 9403 + 161916 - 14919 = 20*p. List the prime factors of p.
2, 5, 17, 23
Let x(p) = 7240*p + 7684. What are the prime factors of x(5)?
2, 3, 23, 53
Let k = 65 - 63. Suppose -4*p + 22 = -3*y, -5*p + 24 = -y + k. Suppose m + p - 1 = j, -j + 4*m = 6. List the prime factors of j.
2, 3
Suppose 230 = -9*q + 14. Let g = q + 321. What are the prime factors of g?
3, 11
Let l(j) be the third derivative of -j**4/24 + 535*j**3/6 + 12*j**2. Let a be l(0). Suppose 4*g + 55 - a = 0. List the prime factors of g.
2, 3, 5
Let j = 1023 + 2358. Suppose 16*n - j - 3371 = 0. List the prime factors of n.
2, 211
Suppose 2*l + 2*g + 910 = 7*l, 2*g = -4*l + 710. Suppose -7*c = -c - l. What are the prime factors of (33/(-6))/((-5)/c)?
3, 11
Suppose -p - 3*m = -18, 4*p - 2*m = 17 - 1. Let l be ((33/p)/11)/(1/2). What are the prime factors of (l - 3) + 1824/12?
2, 3, 5
Let q = 3857 - 1933. Let c = 3052 - q. What are the prime factors of c?
2, 3, 47
Let p(l) = -l**3 + 6*l**2 + 16*l + 2. Let y be p(8). Suppose 4*j - 354 = -y*r, 5*j + r + 460 = 10*j. Let i = j - 53. What are the prime factors of i?
2, 19
Let c(v) = 2*v - 3 + 11*v**2 + 5*v - 2*v + v**3 + v. Let f(o) = o**3 - 13*o**2 + 11*o + 2. Let p be f(12). What are the prime factors of c(p)?
37
Suppose -5*d - 2*t - t = -177, 5*d - 181 = t. Suppose -7*u + 10*u = d. Suppose -u*j + 17*j - 630 = 0. List the prime factors of j.
2, 3, 7
Let p(b) = b**2 - 2*b - 4. Let l be p(4). Suppose 7*w - l*w - 1386 = 0. Suppose 5*o + w = 11*o. What are the prime factors of o?
7, 11
Let b(i) = 6*i**2 - 371*i + 189. What are the prime factors of b(88)?
5, 2801
Suppose 48687 + 43658 = 5*j. Suppose j = 26*o + 1855. List the prime factors of o.
3, 71
Suppose 2*x - 6 = 4*d - 0, 3*d = -5*x + 15. Let g(c) = 53*c**2 - 7*c - 5. List the prime factors of g(x).
11, 41
Suppose -3*q + p = -4*p - 218, -3*q = -p - 214. Let f = -47 + q. Let d = f - 19. What are the prime factors of d?
5
Suppose 0 = s - 276 - 59. Suppose -417 - s = -b. Suppose -4*p = -12*p + b. What are the prime factors of p?
2, 47
Let p = 2567 - 1456. Suppose 5*v = -y + 25, v + 0*v - 4 = 0. Suppose p = y*j - 229. List the prime factors of j.
2, 67
Let l = 16 + 35. Let m = -16559 + 16677. Suppose o = m + l. List the prime factors of o.
13
Suppose 1799 + 749 = 28*f. Let r = 787 - f. List the prime factors of r.
2, 3, 29
Let m(u) = 1350*u + 320. List the prime factors of m(3).
2, 5, 19, 23
Let n(z) = -99*z - 138. Suppose -73 + 67 = 3*w. What are the prime factors of n(w)?
2, 3, 5
Suppose -23*h + 81092 + 35541 = 0. What are the prime factors of h?
11, 461
Suppose h - 22 = 3*p, -21*h + 24 = -2*p - 18*h. List the prime factors of (7860/(-80))/(p/8).
131
Suppose -32*v - 4 = -33*v. Suppose -3*b + 2*b = v. What are the prime factors of (-2)/b*(13 - -153)?
83
Let j(d) = -3*d - 21*d**3 - 28*d**3 + 13*d**2 - 13 + 50*d**3 - 9*d. List the prime factors of j(-10).
11, 37
Let v(s) = -s**3 + 3*s**2 - 8*s + 5. Let f be v(2). Let y(t) = 2*t**3 + 17*t**2 - 8. What are the prime factors of y(f)?
139
Let p(s) = -s**2 + 23*s + 15. Let l be p(21). Let o = l - 41. Let u = o - -26. What are the prime factors of u?
2, 3, 7
Let q(o) = 46*o - 8. Let d be (72/28)/(60/28 - 2). Let l be 3/9 - (-12)/d. What are the prime factors of q(l)?
2, 19
Suppose -40191 = 5*g - 7*g - 13409. List the prime factors of g.
7, 1913
Suppose -4*b + 28711 + 8701 = 0. List the prime factors of b.
47, 199
Suppose -2*z - 5*m - 15 = 0, 2*z + m + 19 = -8. Let o = z - -20. Suppose 2*k - 3*k = -2*t - 26, o*k - 148 = 4*t. List the prime factors of k.
2
Let r = -5017 + 8269. What are the prime factors of r?
2, 3, 271
Suppose 2*d + 7*q = 11*q + 1044, -2*q = -2*d + 1044. Let b = d + 74. List the prime factors of b.
2, 149
Suppose 0 = -9*g + 7218 + 3429. Suppose 77 = 3*s - g. What are the prime factors of s?
2, 3, 5, 7
Let l(o) = -2405*o + 80. Let k(s) = 89*s - 3. Let v(w) = -55*k(w) - 2*l(w). Let x be 1 - (1 - (-2)/2). What are the prime factors of v(x)?
2, 3, 5
Let a = 33 + -28. Let t(m) = 70*m - 40. List the prime factors of t(a).
2, 5, 31
Let b(x) = -4546*x - 2404. List the prime factors of b(-9).
2, 5, 3851
Let m(i) = i**3 - 2*i**2 + 5*i - 5. Let h be m(2). Let y(a) = 43*a - 4. What are the prime factors of y(h)?
211
What are the prime factors of (-3)/((-6)/(-8)) + (19204 - -9) + -3?
2, 3, 11, 97
Let g(k) = 3*k**3 + 18*k**2 - 6*k - 14. Let n(w) = -w**3 + w - 1. Let z(o) = -g(o) - 4*n(o). Let p be (108/14)/((-201)/(-469)). List the prime factors of z(p).
2, 3
Suppose 21366 = 8*b + 5102. Suppose -2*y - 1041 = -b. List the prime factors of y.
2, 31
Let h = -5699 - -34913. What are the prime factors of h?
2, 3, 541
List the prime factors of 8977*6 + (-5)/((-212)/(-24) - 8).
2, 3, 11, 17
Let n be -1*19/1*63/(-9). Let p = 51 + n. Suppose -p = -57*o + 56*o. What are the prime factors of o?
2, 23
Let t(i) = 155*i**2 - 5*i - 5. List the prime factors of t(-5).
5, 19, 41
Suppose -2369959 + 890260 = -39*a. List the prime factors of a.
3, 12647
Suppose -105*i = -93*i - 385656. What are the prime factors of i?
2, 16069
Let p(g) = 2*g**2 - 22*g - 20. Let a be p(12). Suppose -5*r = -5*y - 15, -y - a*r + 16 = 4. List the prime factors of 5/(-15)*(-6 + y)*7.
2, 7
Suppose 35 = -5*c + 30. List the prime factors of 374 + (2 + -7 - c).
2, 5, 37
Let z(a) = 160*a - 118*a + 5 + 3*a**2 + 46 - 5. List the prime factors of z(-16).
2, 71
List the prime factors of (-1)/(11 - 1668320/151664).
9479
Suppose -5*v + 13*v = -224. Let g(d) = 2*d**2 + 32*d + 7. What are the prime factors of g(v)?
7, 97
Let p be 6/(-4 + 5) + -2. Suppose -p*o + 8*o = -3*o. Suppose 0 = 2*t - 4*l - o*l - 380, 4*l = t - 180. What are the prime factors of t?
2, 5
Suppose -30*x + 14*x = -324875 - 362997. List the prime factors of x.
2, 2687
Let p(k) = -7*k**3 + 8*k**2 - 12*k + 63. Let c(h) = -15*h**3 + 16*h**2 - 23*h + 125. Let a(o) = 6*c(o) - 13*p(o). List the prime factors of a(11).
2, 3, 41
Suppose 4*x + 2*a = -2*a + 104, -x + 6 = -4*a. Let p be (x/10 + 0)/(4/20). Suppose -4*m + 173 = -p. List the prime factors of m.
2, 23
Let g(j) = j**2 + 7*j - 12. Let t be (-33)/4 - (-9)/(-12). Let x be g(t). Let i(k) = 2*k**2 + 8*k - 25. What are the prime factors of i(x)?
5, 19
Let t(n) = -n**3 + 5*n**2 + 8*n - 5. Let v be t(6). Suppose v*a = 13*a + 12. List the prime factors of 11/a*(-19 - 4 - -1).
11
Let z(m) = 280*m + 1967. What are the prime factors of z(54